e 14?
-28d00
What is 344824 (base 13) in base 15?
196d7d
Convert 73004 (base 10) to base 8.
216454
What is -2033034314 (base 5) in base 3?
-21212212112200
What is 101111011010110 (base 2) in base 12?
12072
Convert -23042143 (base 5) to base 6.
-4225203
-d6a15 (base 16) to base 12
-364905
What is -1100011101100110111 (base 2) in base 5?
-101032000
Convert -2120122021101 (base 3) to base 13.
-38cb9c
-15311324 (base 6) to base 14
-1001b6
What is 20110010100 (base 3) in base 10?
126936
-211087 (base 12) to base 7
-4264465
Convert 10b1c (base 13) to base 5.
1433240
Convert -101211021021 (base 3) to base 5.
-23304224
What is 61259 (base 11) in base 9?
145665
-1351353 (base 7) to base 4
-230011323
Convert 123662 (base 7) to base 16.
59c0
What is -7ba6da (base 14) in base 16?
-405558
What is 860882 (base 10) in base 2?
11010010001011010010
-88501 (base 13) to base 3
-110112200211
Convert 152ba88 (base 13) to base 5.
3213010430
Convert -42736 (base 11) to base 5.
-3441422
-233443200 (base 5) to base 16
-1072a5
What is 100212100 (base 4) in base 5?
4133414
What is -121412110 (base 5) in base 7?
-4616011
Convert -191875 (base 10) to base 6.
-4040151
33355 (base 12) to base 2
10000100100110001
What is 245430434 (base 6) in base 7?
55231600
What is -6697864 (base 10) in base 8?
-31431610
4533 (base 8) to base 6
15031
What is 22130002 (base 4) in base 7?
235435
What is -109143 (base 11) in base 7?
-1320644
Convert 13b488b (base 12) to base 5.
2003444442
What is 2350566 (base 7) in base 12?
124569
Convert 454413 (base 6) to base 3.
1221221200
31201133102 (base 4) to base 10
3545042
-12428 (base 16) to base 9
-123532
Convert 1200100222101 (base 3) to base 2.
11011010000001010000
-4240514 (base 8) to base 9
-2113175
3254201 (base 7) to base 5
100300122
Convert 73102571 (base 8) to base 16.
ec8579
Convert 3e5cd (base 15) to base 6.
4143551
335123 (base 10) to base 15
69468
-2286765 (base 9) to base 11
-776530
110010001100000000011 (base 2) to base 6
55125351
What is -1011100010100101011 (base 2) in base 7?
-3133331
Convert -40588 (base 9) to base 4.
-12201221
-34bb22a (base 12) to base 5
-10102410311
-675636 (base 10) to base 13
-1a86b0
-35031570 (base 8) to base 13
-1768334
Convert 6540624 (base 7) to base 4.
3003101211
Convert 1000100010000011111001001 (base 2) to base 10.
17893321
What is -132221244 (base 5) in base 3?
-1020201202201
124b3f (base 16) to base 12
499993
What is 7d7784 (base 15) in base 14?
b22374
What is -2221332 (base 5) in base 8?
-114067
-861990 (base 12) to base 7
-24001344
-11020112200 (base 3) to base 7
-465306
10111010110001101001 (base 2) to base 4
2322301221
Convert 31432515 (base 6) to base 8.
3410737
Convert -1102024455 (base 6) to base 16.
-b4e1b3
What is 10110000110111100000010 (base 2) in base 15?
797326
What is 6a522 (base 11) in base 12?
4aaa1
-2a907 (base 12) to base 6
-1142011
-402424 (base 7) to base 12
-33514
-22575 (base 15) to base 8
-325263
-384690 (base 10) to base 7
-3161355
Convert 255806 (base 9) to base 15.
30ebc
Convert 139902a (base 12) to base 14.
745cd4
2056bb (base 14) to base 13
2c25b9
Convert -1010000011101111 (base 2) to base 6.
-514423
Convert -200663 (base 8) to base 12.
-32217
What is -26247206 (base 9) in base 7?
-214453365
Convert -133233322320 (base 4) to base 16.
-7efeb8
1517476 (base 8) to base 15
888c2
What is 56a3a (base 14) in base 3?
101200211101
261161 (base 10) to base 6
5333025
Convert b7c57 (base 14) to base 10.
444213
-212143 (base 5) to base 3
-100211200
239ac0 (base 15) to base 11
a638a3
1a740a9 (base 11) to base 2
1101010100000011010001
-166838 (base 12) to base 7
-3161621
What is 12651402 (base 7) in base 8?
4361405
-10011110101000101001 (base 2) to base 6
-21532105
10100101101110110001010 (base 2) to base 11
307a15a
Convert -c52a9 (base 13) to base 12.
-150b82
Convert ee67e (base 16) to base 10.
976510
Convert -15403052 (base 6) to base 5.
-114420000
Convert -407672 (base 10) to base 13.
-113735
Convert 306355 (base 9) to base 5.
21304224
Convert 13a682 (base 13) to base 15.
97396
Convert -413310215 (base 6) to base 14.
-d46643
What is 31021224 (base 5) in base 4?
331120233
Convert 10100101101010000 (base 2) to base 5.
10203231
Convert 110446 (base 7) to base 16.
4bee
What is 2136773 (base 14) in base 2?
111100000000010110100001
-413231404 (base 5) to base 16
-19e06e
What is -14565047 (base 8) in base 3?
-20021112011002
-2044530 (base 9) to base 3
-2001111121000
12cd9 (base 16) to base 3
10220122111
What is 1812456 (base 9) in base 3?
1220102111220
Convert 11111011011011111010111 (base 2) to base 5.
4102122223
57268 (base 11) to base 13
2b922
What is 1745a61 (base 13) in base 14?
10086dc
What is 23301210 (base 4) in base 6?
1011140
3041015 (base 6) to base 5
14123004
Convert 40233022 (base 6) to base 16.
116486
Convert -112222120022202 (base 3) to base 16.
-7981df
Convert -ca048 (base 13) to base 15.
-73127
Convert -12114402 (base 8) to base 6.
-133005350
1a094a (base 14) to base 8
3414246
What is 280660 (base 9) in base 3?
22200202000
What is 10302c9 (base 15) in base 4?
230002021203
What is -10001110010001101 (base 2) in base 15?
-168b5
648456 (base 9) to base 10
386745
What is 386374 (base 10) in base 8?
1362506
282102 (base 11) to base 7
3520450
-135020 (base 10) to base 12
-66178
Convert -33365133 (base 7) to base 16.
-2c19cf
Convert 747207 (base 8) to base 2.
111100111010000111
94828 (base 11) to base 13
4ab15
-11111200011101 (base 3) to base 10
-2394883
What is 2211301022 (base 4) in base 3?
1021111101122
Convert 1103025 (base 6) to base 14.
16117
412403 (base 7) to base 2
10001001101110010
What is 311330132330 (base 4) in base 14?
1c417c0
What is -115344 (base 14) in base 8?
-2201420
What is -331655a (base 11) in base 8?
-26151315
1024002 (base 6) to base 13
19a6c
What is -3203312122 (base 4) in base 2?
-11100011110110011010
127c64 (base 13) to base 9
748588
What is -22312132 (base 5) in base 3?
-101001022122
What is -1085a2 (base 14) in base 3?
-1001111102000
-120b5b (base 13) to base 15
-877a0
What is 35a1530 (base 11) in base 6?
342203553
What is 2430234 (base 6) in base 10?
128398
25026026 (base 8) to base 10
5516310
Convert -456251 (base 7) to base 15.
-191d5
-5244354 (base 9) to base 15
-3a608a
Convert 105504334 (base 6) to base 4.
13130300002
Convert -3452463 (base 7) to base 12.
-18a783
What is 10030221030 (base 4) in base 6?
35330140
Convert -c2732 (base 15) to base 11.
-390794
101013004 (base 5) to base 15
80a04
-2110121010101 (base 3) to base 9
-2417111
Convert -21000210112021 (base 3) to base 7.
-43516330
What is -2011112012 (base 4) in base 2?
-10000101010110000110
-21231443 (base 5) to base 3
-100011020212
Convert -105244653 (base 7) to base 12.
-2186640
Convert -1102110110100110 (base 3) to base 7.
-335510466
-1011102203 (base 5) to base 2
-111110100100011111111
What is 45990 (base 14) in base 7?
1303340
What is 12c8ac0 (base 14) in base 13?
1b63766
Convert -3424121 (base 5) to base 16.
-eee9
Convert 330135 (base 8) to base 15.
22be0
Convert -2897448 (base 10) to base 12.
-b78920
What is -567059 (base 13) in base 3?
-10211210212012
3312331 (base 7) to base 16
63460
What is 131231101322 (base 4) in base 6?
434525522
36493 (base 10) to base 6
440541
-2371a (base 11) to base 8
-102537
What is -273b15 (base 12) in base 16?
-9e981
2717576 (base 8) to base 7
6321530
What is 43765333 (base 8) in base 13?
1c5303b
3216275 (base 10) to base 12
10b132b
-10102000101122 (base 3) to base 7
-21252146
Convert 119444 (base 10) to base 7.
1005143
Convert 222316 (base 7) to base 14.
10446
Convert -1202210001110 (base 3) to base 6.
-32053533
What is -131303320 (base 4) in base 6?
-2341144
Convert -111220411 (base 6) to base 10.
-2024503
Convert -6524364 (base 7) to base 16.
-c2688
What is -10013120112 (base 4) in base 12?
-440386
-176734 (base 9) to base 12
-53764
Convert 100101000001011101000010 (base 2) to base 10.
9705282
-16a8277 (base 11) to base 4
-23002312103
What is -710250 (base 8) in base 7?
-1662111
What is -322031300 (base 5) in base 14?
-276226
Convert -237816 (base 10) to base 8.
-720370
-4e974f (base 16) to base 7
-61531106
1440550 (base 6) to base 13
2bb06
-10c14 (base 13) to base 7
-155142
-2521523 (base 8) to base 15
-db881
Convert 994905 (base 10) to base 13.
